of h?
2
Let k = 0 - -1. Suppose 0 = w - 5*z + 15, k = z - 3. Suppose -w*m + 9 = -41. What is the units digit of m?
0
Let z = 305 - 91. What is the hundreds digit of z?
2
Suppose 3*v - 26 = -4*y, 0 = -v - 4*y - 12 + 34. Suppose 3*k - n - 21 = 0, v*n - 2 - 4 = 0. What is the units digit of k?
8
What is the tens digit of 3*(3 - 4 - -14)?
3
Suppose 5*g - 2 = -5*v + 4*g, -5*g = -3*v + 18. What is the tens digit of (10 - 9)/(v/38)?
3
What is the units digit of 18*(8 + -4 - 1)?
4
Suppose -2*b = -5*i + 2*b + 10, -4*i - 23 = 3*b. Let t = i + -1. What is the units digit of 0 + t - (-6 - -1)?
2
Let z(h) = h**2 - 4*h + 1. Let a be 74/14 - (-6)/(-21). Let j be z(a). Suppose 2*n - j = 6. What is the units digit of n?
6
Let n(y) = -y**3 + y**2 - y. Let d be n(1). What is the units digit of 0 + 2 - (-1)/d?
1
Suppose -4*x - 2*c - 6 = 0, x - c - 1 - 2 = 0. Suppose -z = -x*z - 4*a + 11, 4*z = -2*a + 46. What is the units digit of z?
9
Suppose 0 = -3*t + 112 + 5. Suppose 4*p = 33 + t. What is the tens digit of p?
1
Let v = -169 - -382. Suppose -5*i - 28 = -v. What is the tens digit of i?
3
Let s(b) = 2*b + 14. Let f be s(-10). Let k = f + 11. What is the units digit of k?
5
Let n(s) = -s**2 - 11*s - 8. Let b be n(-10). Suppose m - 4*u = 3*m - 56, -5*u + 55 = b*m. What is the tens digit of m?
3
Suppose 5*i = -5*y + 30, y - 3*i = -8*i + 26. Suppose -1 - y = -l. What is the units digit of (9/2)/(l/4)?
9
Let w = 33 + -18. Let v = -10 + w. Let p = 6 - v. What is the units digit of p?
1
Let z(p) = -p**2 - 3*p - 4. Suppose -a + 3 = 7. Let x be z(a). What is the units digit of 2/8 + (-54)/x?
7
Let g(t) = -8*t + 4. What is the tens digit of g(-4)?
3
Let w = 1 + 2. Suppose 0 = a - h - 3, -a + 0*h = -4*h + w. What is the units digit of a?
5
Let n(m) = -m**2 + 7*m - 7. Suppose -k = 5*o - 16, 3*o = 5*k - 4 - 20. Let w = 11 - k. What is the units digit of n(w)?
3
Let v(a) = -a**3 + 8*a**2 - 7*a + 3. Suppose 3*d - 15 = -f - 2*f, -f = 5*d + 3. What is the units digit of v(f)?
3
Let y(j) = -j**3 + 5*j**2 + 7*j - 2. What is the units digit of y(5)?
3
Let x = 10 - 8. Suppose 2*w + x*w - 42 = -2*m, -4*w - 4*m = -44. What is the units digit of w?
0
Let k(v) = v**2 + 3*v + 6. Let i be k(-4). Let x(b) = -2*b + 0*b - 2*b**2 + 7*b + b**3 + 1 + i*b**2. What is the units digit of x(-7)?
5
Let w(d) = 7*d**2 + 3*d - 1. What is the units digit of w(4)?
3
Suppose -3*b = b - 12. Let i be b*(2/6)/(-1). What is the tens digit of i/4 - (-138)/8?
1
Let d be 19/3 + 8/12. Let r = 22 - d. What is the tens digit of r?
1
Suppose 0 = -w + 3*w - 6. Suppose w*v + 7 - 43 = 0. What is the units digit of v?
2
Suppose -u = -11 + 40. Let l = -17 - u. What is the units digit of l?
2
Let w be (-6)/(-21) + (-19)/(-7). Suppose 0 = 4*s + 4, 0 = -t + 3*t - w*s - 11. Suppose -t*j + 23 = 7. What is the units digit of j?
4
What is the units digit of 3 + (1 - (-64)/4)?
0
Let t(c) = 6*c**2 - 3*c - 1. Let g(i) = 7*i**2 - 4*i - 2. Let h(m) = -2*g(m) + 3*t(m). What is the units digit of h(2)?
5
Suppose 0*s = 6*s - 552. What is the units digit of s?
2
Let z be 14/7 + (-2)/1. Suppose 5*n - 81 + 1 = z. What is the units digit of n?
6
Let r = 25 - -8. What is the units digit of 6/r + (-194)/(-22)?
9
Let n(p) = p**3 + 14*p**2 + p - 10. Let q be n(-14). Let o = q - -38. What is the tens digit of o?
1
What is the units digit of ((-16)/3)/((-5)/60)?
4
Suppose 0 = -f - f + 8. Suppose -4*w = 2*z - z - 87, 67 = f*w + 5*z. What is the units digit of w?
3
Let c(a) = -a - 2. Let p be c(-5). Let w = p - 3. Suppose w = -l + 12 - 5. What is the units digit of l?
7
Suppose -2 = 2*s + 2. Let p(m) = -m**2 - 5*m - 2. What is the units digit of p(s)?
4
Suppose 21 = 3*l - 3*p, -l + p - 3*p + 10 = 0. Suppose 0*c = 4*c - l. Suppose -c*u + 68 = 2*u. What is the tens digit of u?
1
Suppose 4*d - 4*v + 52 = 0, -2*d = 3*v - 2*v + 23. What is the units digit of d/(-8)*(-16)/(-6)?
4
Suppose -u - 3 = -5*q - 0*u, 3*u - 6 = 0. Let z be (0 + 74 - 0)/q. What is the units digit of 5/(-15) - z/(-6)?
2
Let j(t) = -5*t - 2. Let n be (-3 + 2)*5 + 1. Let u be j(n). Let w = u + -13. What is the units digit of w?
5
Let f(m) = 2*m - 12. Let j(b) = b**3 + 8*b**2 + 6*b + 1. Let i be j(-7). What is the units digit of f(i)?
4
Let g(a) = 13*a + 10. What is the units digit of g(12)?
6
Let o = 4 + -2. Let n = 7 + o. What is the units digit of n?
9
Suppose -5*b + 0*b = -2*l + 6, -3*l + b + 22 = 0. What is the units digit of l?
8
Suppose 3*z - k + 3*k + 76 = 0, 73 = -3*z - 5*k. Let p = z + 44. What is the tens digit of p?
1
Let x(c) = 4*c**2 - 2*c - 1. Let v be x(2). Suppose p - 1 = 5*h, 2*h + v = p + 7*h. What is the units digit of p?
6
Let z = -24 + 222. What is the tens digit of z?
9
Let v be (-2 - -1)/((-2)/4). Suppose v*r - 4*k = 30, 4*r - 6 - 9 = -k. What is the units digit of 11/r + 2/(-10)?
2
What is the units digit of (98/42)/(1/3)?
7
Let i be (-7)/2 + 2/4. Let c be i*(-5)/((-15)/(-4)). Let m = c - 3. What is the units digit of m?
1
Suppose i - 2*x - 1 = 0, 1 = x - 1. Suppose 3*g - 275 = -2*g. Suppose l = 4*a + 21 - 1, -i*a = -5*l + g. What is the units digit of l?
8
Let c(s) = s**3 - s + 16. What is the tens digit of c(0)?
1
Suppose 0 = 2*g - 4*y + 240, 356 = -3*g + 7*y - 2*y. Let q be (g/35)/(2/(-5)). Suppose 0*l + q = 4*l. What is the units digit of l?
2
Suppose 4*p - 3 = 7*p. What is the tens digit of (4/p - -45) + -2?
3
Let v be 36/15 - (-4)/(-10). Suppose -4 = -v*q + 16. What is the tens digit of q?
1
Let x = -7 + 12. What is the units digit of (-2)/(-5)*x - -31?
3
Let v(m) = -m**2 - 9*m + 4. Let b be v(-9). Let t be (-6)/(-3) - b - 1. What is the tens digit of t/(-6)*(-26)/(-1)?
1
Let g be 15 + -1 + (-2 - -1). Let m = -2 + g. What is the tens digit of m?
1
Suppose -9*i = -2*i - 378. What is the units digit of i?
4
Suppose 0 = 5*f - 20, -6*k + 2*k + 3*f + 560 = 0. What is the tens digit of k?
4
Suppose -4*o + 5*z = -228, -3*z = -2*o + 55 + 61. What is the tens digit of o?
5
Suppose -1 = 3*v + 11. Let k be (-4)/(-8) - (-19)/2. Let x = v + k. What is the units digit of x?
6
Suppose -2*x - 90 = 3*x. What is the units digit of (-1 + 4)*(-12)/x?
2
Suppose -l + 3*x + 10 = 0, -l - 2*x = -2*l + 8. Suppose 5*a = a - 4*p, 10 = a - l*p. What is the units digit of a?
2
What is the tens digit of 15 - 1*(-1 - 0)?
1
Let c(h) = 5*h**2 - 4*h + 2. Let x(z) = -6*z**2 + 4*z - 1. Let j(w) = 5*c(w) + 4*x(w). What is the units digit of j(5)?
1
Let n(j) = -18*j**3 - 3*j**2 - 4*j - 2. What is the tens digit of n(-1)?
1
Let g(z) = -z + 15. Let l = -2 + 8. Let m be 14 + 1/(-2)*l. What is the units digit of g(m)?
4
Let f = -1 - -6. Suppose -4*p + f*n = -p - 22, -3*n + 3 = 0. Let t = p + -5. What is the units digit of t?
4
Let r be (-5)/(-2) + (-2)/4. Suppose -1 = -r*d + 25. What is the units digit of d?
3
Let b(v) = -168*v - 8. What is the tens digit of b(-2)?
2
Suppose -4*j + 23 = -21. Let b = j + -8. Suppose -5 = -w - b. What is the units digit of w?
2
What is the tens digit of ((-4)/4)/(3/(-201))?
6
Let l be 460/(-7) - 4/14. Let s = 29 + l. Let x = -23 - s. What is the units digit of x?
4
Suppose -7 = m - 3*h, 2*m + 3*h - 41 = -2*h. Let o = 0 + m. What is the units digit of o?
8
Let g = -80 + 145. What is the units digit of g?
5
Suppose -2*w = -0*w. Suppose z + w*z = 16. What is the tens digit of z?
1
What is the tens digit of (-8)/2 + 235/(-10)*-4?
9
Suppose -4*t + 52 = -5*c, -5*c + 39 = 4*t - t. What is the units digit of t?
3
Let t(h) = -h**3 + 7*h**2 + 2*h + 10. What is the units digit of t(6)?
8
What is the units digit of -4 + -1*(-46 - 0)?
2
Let u(k) = 2*k**3 - 10*k**2 - 3*k + 19. What is the tens digit of u(7)?
9
What is the units digit of (-55 - 0)*102/(-85)?
6
What is the units digit of 4/6 - 46/(-3)?
6
Let c = -486 + 754. What is the units digit of c?
8
Let o = -2 + -4. Let u be ((-1)/(1/o))/2. Suppose -2*w = -u*r - 2 - 2, 5*r = w + 5. What is the units digit of w?
5
Let w = -4 - -22. What is the tens digit of w?
1
Let i be (10 - 2)*3/6. Suppose 4*r + 52 - 176 = -i*q, 0 = -5*q + 2*r + 162. What is the tens digit of q?
3
Let g = 11 - -14. What is the tens digit of g?
2
Suppose 217 = 4*x - 5*q, -2*x + 284 = 3*x - 2*q. What is the tens digit of x?
5
Suppose -h - 39 = -5*y - 128, -4*h - y = -251. Suppose -4*v + 4*t = -h, 2*v - 34 = t - 5. What is the units digit of v?
3
What is